isor of f and 27?
9
Suppose 0 = 3*d - 3*y - 9 + 3, -4*y + 8 = 0. Suppose 5*w + 25 = 0, 3*w - 6*w = 5*u. Suppose -u*a - d = -4*a. Calculate the highest common factor of a and 2.
2
Let t(l) be the first derivative of l**3/3 - 9*l**2/2 - 15*l - 5. Suppose 5*g = 55 - 85. Let k be t(g). Calculate the highest common factor of k and 50.
25
Let t(l) = -l**2 + 89*l - 1511. Let r be t(66). Calculate the greatest common factor of 469 and r.
7
Let p be ((-6)/(-9))/(((-4)/(-18))/(-2)). Let o = 33 + p. Let t = 36 - o. Calculate the greatest common divisor of t and 9.
9
Let j = 287 - 275. Let r(b) be the third derivative of 5*b**4/24 - 5*b**3 - b**2. Let i be r(j). What is the greatest common factor of i and 30?
30
Suppose z - 3*f = 205, -2*f - 622 = -3*z - 0*f. Suppose 325*q - 111 - 33 = 316*q. Calculate the greatest common divisor of q and z.
16
Let o = -195 + 486. Suppose -134 = -5*a + o. What is the highest common divisor of 17 and a?
17
Let s(c) = -2*c**2 - 21*c - 102. Let b be s(-12). Let d = 186 - b. What is the greatest common divisor of d and 12?
12
Let h = 10877 + -3366. Calculate the greatest common factor of 777 and h.
259
Suppose 0 = -3*n + 2*y - 4*y + 2897, 1910 = 2*n - 4*y. Let l = 1025 - n. What is the highest common factor of l and 2?
2
Suppose -35*k = -32*k + 5*a - 13, 2*a = -5*k + 9. Calculate the greatest common divisor of 509 and k.
1
Suppose 11*w + 95 = 150. Suppose 0 = -s - 2*s + 105. Calculate the greatest common factor of w and s.
5
Let w be (12/(-24))/(4/(-16)). Let o be w/(-6) - 147/(-63) - -14. Calculate the greatest common factor of 112 and o.
16
Suppose 439*s = 454*s - 285. Calculate the highest common factor of s and 1102.
19
Suppose f = t, 10 = 4*t + 2*f - 8. Suppose -80*k + 79*k = -t. Suppose 2*q + c = 5, -k*q - 3*c - 10 = -2*q. Calculate the greatest common divisor of 80 and q.
5
Suppose 5*t = 2*v + 4 - 32, v + 5*t + 16 = 0. Suppose v*w + 2*w = 192. Calculate the greatest common divisor of 32 and w.
32
Suppose -p = -y + 17, 155 = 4*y - 2*p + 73. Let r be ((-160)/(-6))/(2/6). What is the highest common factor of r and y?
8
Suppose -4*n = -6*m + 7062, -2*n - 849 = 2*m - 3203. What is the highest common divisor of 321 and m?
107
Let m(o) = o**2 + 54*o - 2884. Let t be m(80). What is the highest common divisor of 60 and t?
12
Let k(n) = 2*n**3 - 2 - 3 - 13*n**3 - 5*n. Suppose 19*l = 158 - 196. Let w be k(l). What is the greatest common factor of w and 31?
31
Suppose 2*l - 158 - 116 = 0. Let g = l - 97. Calculate the greatest common divisor of 140 and g.
20
Suppose 115 = 14*n - 95. Suppose 2*k - v = 41 + 32, -5*v = n. What is the greatest common divisor of k and 35?
35
Suppose -i + 2*i - 4*r = 44, -i - 4*r + 4 = 0. Suppose -5*t + 0*t = -30. Suppose 2*l = t*l - 672. Calculate the greatest common factor of i and l.
24
Let q = -6826 - -8023. Calculate the highest common factor of 126 and q.
63
Let s(b) = -2*b**2 - 185*b + 1046. Let k be s(-90). Calculate the highest common divisor of k and 88.
88
Let f = -26598 + 30756. What is the highest common factor of 144 and f?
18
Suppose -61427 + 62092 = 5*k. Calculate the highest common factor of 2546 and k.
19
Let o = -10250 - -10268. Let a = -13 + 29. Let h = a - 10. What is the highest common factor of o and h?
6
Let p(u) = -22*u - 113. Let w be p(-6). Suppose 2*l = 4*q - 714, -906 = -24*q + w*q - 2*l. What is the greatest common divisor of q and 54?
18
Let i be 10/(-75) - (-2 - (-17168)/(-60)). Suppose -2*k - 960 = -7*k. What is the highest common factor of i and k?
96
Suppose 26*m - 6*m = 700. Calculate the highest common factor of 5 and m.
5
Let z be 46960/112 + 40/56. Calculate the highest common divisor of 700 and z.
140
Let d = 47096 - 45587. Calculate the greatest common factor of 39 and d.
3
Let g(t) = -5*t**2 - 176*t + 288. Let r be g(-23). Calculate the highest common factor of 171 and r.
19
Suppose 4*f + 3*n = 360, -4*f + 4*n = 6*n - 364. Suppose 94*j = f*j + 90. Calculate the greatest common divisor of j and 70.
10
Let g(v) be the second derivative of 0*v**3 + 0 + 10*v + 6*v**2 + 1/4*v**4. Let m be g(4). Calculate the highest common factor of 24 and m.
12
Let y(o) = 13*o - 129. Let f be y(24). Let b = 354 - f. What is the highest common divisor of b and 57?
57
Suppose -13*m = -16*m + 3*r + 1740, m - 2*r - 576 = 0. Let o = m + -553. Calculate the highest common divisor of o and 1147.
31
Let k = -573 + 578. Suppose -3*v = 13*h - 8*h - 347, -k*v = -2*h - 568. Calculate the highest common factor of v and 456.
114
Let q be 39/((-546)/(-1988))*(-25)/(-2). Calculate the greatest common factor of q and 2130.
355
Let l be ((-24)/(-14))/(-65 + 56 - (-1767)/196). Let m(w) = w**3 + w**2 - w + 98. Let i be m(0). Calculate the greatest common divisor of l and i.
14
Suppose -3*t - 3*s + 6 = 0, 0 = -4*t - 2*s - 3*s + 7. Let u be 0 + 17 + t - -2. Let g = 1913 + -1671. Calculate the highest common divisor of g and u.
22
Let z = -3388 + 3408. Calculate the highest common factor of z and 3860.
20
Let d = -30 + 33. Suppose -3*r - r = -o + 71, 3*o = d*r + 222. Suppose 3*l - 200 = -l. What is the greatest common factor of o and l?
25
Let z(j) = -19*j**2 + 38*j + 2. Let v be z(0). Suppose 7*p = 2*p + 25. Suppose -p*r + 31 = -19. What is the greatest common divisor of r and v?
2
Let j be 4/(-4)*(-12)/2. Let x be (2576/920)/((-14)/(-240)). Calculate the highest common factor of j and x.
6
Let k(m) = -m**3 + 13*m**2 - 13*m - 2. Let h be k(12). Let n be (h/(-3))/((-5)/(-30)). Calculate the greatest common factor of 35 and n.
7
Let c = -735 - -1230. Let t(a) = 39*a - 461. Let z be t(12). Let i be 39 + (7/z)/(2/12). Calculate the highest common factor of c and i.
45
Let o(c) = 151*c - 2427. Let z be o(17). Suppose -3*y - 43 = -2*k, 3*k + 0*k + 3*y = 57. What is the greatest common divisor of k and z?
20
Let h(x) = -495*x + 149. Let p be h(-5). What is the highest common factor of p and 256?
64
Let k be 15/2*8/6. Let n = -61112 - -61202. What is the highest common factor of k and n?
10
Let m be 108/(1 + 2)*(-1546)/(-3092). Let p(v) = 29*v**3 + v**2. Let d be p(1). Calculate the greatest common divisor of m and d.
6
Let d be (9*(-485)/(-15))/((-237)/123 + 2). Calculate the greatest common factor of 194 and d.
97
Let s be -18 + 48/(-20)*20/(-8). Let y(n) be the third derivative of -n**4/24 - n**3 + n**2. Let a be y(s). What is the highest common divisor of a and 30?
6
Suppose -3*u = 4*u - 161. Let j(m) = -m + 0 + 2 - 6*m + u*m. Let n be j(4). Calculate the greatest common factor of 165 and n.
33
Let a(l) = -l**3 - 3*l**2 + 8*l + 49. Let v be a(-4). Calculate the greatest common factor of v and 3201.
33
Suppose 23 = 5*v + 3*a, -7 = -2*v + 4*a + 23. Let l = -38 - -130. Suppose -v*p + 412 + l = 0. What is the greatest common divisor of p and 18?
18
Suppose -403 = 15*i + 47. Let g be (i/(-25))/((-21905)/(-5475) - 4). Calculate the greatest common divisor of g and 18.
18
Suppose -4*y - 6 = -38. Let w = 70 - -98. Let b be (-10)/(-3)*(w/15 - 4). Calculate the greatest common factor of b and y.
8
Suppose -10 + 1 = -x. Suppose 0 = k + c - 41, 2*k - c - 34 = 45. Let j be -18*((-6)/8)/(12/k). What is the greatest common factor of j and x?
9
Let x(c) = -81*c + 3987. Let i be x(49). Calculate the greatest common factor of i and 22419.
9
Suppose 4*h - 2*h = -4*p + 60, 0 = -p - 3. What is the highest common factor of h and 471?
3
Let f = 27 - 27. Suppose 5*x = -2*r + 35, -9*x + 4*x + 30 = r. Suppose 135 = -f*a + 2*a - l, -r*a + 335 = -3*l. What is the greatest common factor of 7 and a?
7
Let o(l) = l**2 + 24*l + 43. Let f = -84 + 62. Let b be o(f). Let k(u) = 179*u**2 + 1. Let w be k(b). Calculate the highest common divisor of w and 20.
20
Let k = 226 + -271. Let c be k/2*16/(-12)*2. What is the highest common factor of c and 96?
12
Suppose -5*m + 22 = 3*i - 12, 5*i - 15 = 0. What is the greatest common factor of 106 and m?
1
Suppose -2*l + 68 + 63 = 5*k, 0 = l - 3*k - 71. What is the greatest common factor of 527 and l?
17
Suppose -5*l = t + t - 840, 365 = 2*l - 5*t. Let g = 201 - 48. Let q = l - g. What is the greatest common factor of 221 and q?
17
Suppose 22*r = -181 + 863. Let j be 72/(-54) - r/(-3). What is the highest common factor of 63 and j?
9
Let a = -233 + 378. Let t = a - 65. Calculate the highest common f